{"id":106,"date":"2026-04-24T04:37:49","date_gmt":"2026-04-24T04:37:49","guid":{"rendered":"https:\/\/phugiaxe.com\/?post_type=product&#038;p=106"},"modified":"2026-05-07T04:56:37","modified_gmt":"2026-05-07T04:56:37","slug":"fr3-friction-reducer-240ml-phu-gia-boi-tron-giam-ma-sat-cho-dong-co","status":"publish","type":"product","link":"https:\/\/phugiaxe.com\/index.php\/san-pham\/fr3-friction-reducer-240ml-phu-gia-boi-tron-giam-ma-sat-cho-dong-co\/","title":{"rendered":"FR3 Friction Reducer 240ml- Ph\u1ee5 Gia B\u00f4i Tr\u01a1n Gi\u1ea3m Ma S\u00e1t Cho \u0110\u1ed9ng C\u01a1"},"content":{"rendered":"<article class=\"post-content\">\n<h1>FR3 Friction Reducer \u2013 Ph\u1ee5 Gia Nh\u1edbt Gi\u1ea3m Ma S\u00e1t, B\u1ea3o V\u1ec7 \u0110\u1ed9ng C\u01a1 To\u00e0n Di\u1ec7n<\/h1>\n<p><strong>FR3 Friction Reducer<\/strong> l\u00e0 ph\u1ee5 gia d\u1ea7u nh\u1edbt cao c\u1ea5p gi\u00fap<br \/>\n<strong>t\u0103ng kh\u1ea3 n\u0103ng b\u00f4i tr\u01a1n, gi\u1ea3m m\u00e0i m\u00f2n v\u00e0 c\u1ea3i thi\u1ec7n hi\u1ec7u su\u1ea5t \u0111\u1ed9ng c\u01a1<\/strong><br \/>\ncho c\u1ea3 m\u00e1y x\u0103ng v\u00e0 diesel.<\/p>\n<hr \/>\n<h2>\u01afu \u0110i\u1ec3m N\u1ed5i B\u1eadt<\/h2>\n<ul>\n<li>Gi\u1ea3m m\u00e0i m\u00f2n \u0111\u1ed9ng c\u01a1 l\u00ean \u0111\u1ebfn 43%<\/li>\n<li>T\u0103ng c\u00f4ng su\u1ea5t (m\u00e3 l\u1ef1c) l\u00ean \u0111\u1ebfn 4.3%<\/li>\n<li>Ti\u1ebft ki\u1ec7m nhi\u00ean li\u1ec7u \u0111\u1ebfn 5%<\/li>\n<li>T\u0103ng \u0111\u1ed9 b\u1ec1n m\u00e0ng d\u1ea7u v\u00e0 c\u1ea3i thi\u1ec7n ch\u1ea5t l\u01b0\u1ee3ng nh\u1edbt<\/li>\n<li>T\u1ea1o l\u1edbp b\u1ea3o v\u1ec7, l\u1ea5p \u0111\u1ea7y khuy\u1ebft \u0111i\u1ec3m si\u00eau nh\u1ecf tr\u00ean b\u1ec1 m\u1eb7t kim lo\u1ea1i<\/li>\n<\/ul>\n<hr \/>\n<h2>C\u01a1 Ch\u1ebf Ho\u1ea1t \u0110\u1ed9ng<\/h2>\n<p>FR3 s\u1eed d\u1ee5ng c\u00f4ng ngh\u1ec7 <strong>nano carbon<\/strong> k\u1ebft h\u1ee3p v\u1edbi c\u00e1c ch\u1ea5t b\u00f4i tr\u01a1n t\u1ed5ng h\u1ee3p \u0111\u1ed9c quy\u1ec1n,<br \/>\ngi\u00fap gi\u1ea3m ma s\u00e1t v\u00e0 t\u0103ng \u0111\u1ed9 b\u1ec1n m\u00e0ng d\u1ea7u.<\/p>\n<p>C\u00e1c h\u1ea1t nano si\u00eau nh\u1ecf len v\u00e0o b\u1ec1 m\u1eb7t kim lo\u1ea1i, l\u1ea5p \u0111\u1ea7y vi khe h\u1edf,<br \/>\ngi\u00fap \u0111\u1ed9ng c\u01a1 v\u1eadn h\u00e0nh \u00eam h\u01a1n v\u00e0 gi\u1ea3m hao m\u00f2n theo th\u1eddi gian.<\/p>\n<hr \/>\n<h2>Hi\u1ec7u Qu\u1ea3 S\u1eed D\u1ee5ng<\/h2>\n<ul>\n<li>Gi\u1ea3m ma s\u00e1t, gi\u1ea3m nhi\u1ec7t \u0111\u1ed9 v\u1eadn h\u00e0nh<\/li>\n<li>T\u0103ng \u0111\u1ed9 \u00eam v\u00e0 \u0111\u1ed9 b\u1ed1c c\u1ee7a \u0111\u1ed9ng c\u01a1<\/li>\n<li>K\u00e9o d\u00e0i tu\u1ed5i th\u1ecd d\u1ea7u v\u00e0 \u0111\u1ed9ng c\u01a1<\/li>\n<li>Gi\u1ea3m nguy c\u01a1 r\u00f2 r\u1ec9 d\u1ea7u<\/li>\n<\/ul>\n<hr \/>\n<h2>Ph\u00f9 H\u1ee3p S\u1eed D\u1ee5ng<\/h2>\n<ul>\n<li>\u00d4 t\u00f4, xe m\u00e1y, m\u00f4 t\u00f4<\/li>\n<li>Xe t\u1ea3i, m\u00e1y c\u00f4ng tr\u00ecnh, thi\u1ebft b\u1ecb n\u00f4ng nghi\u1ec7p<\/li>\n<li>\u0110\u1ed9ng c\u01a1 x\u0103ng v\u00e0 diesel<\/li>\n<\/ul>\n<hr \/>\n<h2>H\u01b0\u1edbng D\u1eabn S\u1eed D\u1ee5ng<\/h2>\n<ul>\n<li>Pha c\u00f9ng d\u1ea7u nh\u1edbt khi thay nh\u1edbt<\/li>\n<li>120ml d\u00f9ng cho kho\u1ea3ng <strong>5 l\u00edt nh\u1edbt<\/strong><\/li>\n<\/ul>\n<hr \/>\n<h2>K\u1ebft Lu\u1eadn<\/h2>\n<p><strong>FR3 Friction Reducer<\/strong> l\u00e0 gi\u1ea3i ph\u00e1p n\u00e2ng c\u1ea5p d\u1ea7u nh\u1edbt hi\u1ec7u qu\u1ea3,<br \/>\ngi\u00fap \u0111\u1ed9ng c\u01a1 v\u1eadn h\u00e0nh \u00eam, m\u1ea1nh v\u00e0 b\u1ec1n h\u01a1n theo th\u1eddi gian.<\/p>\n<\/article>\n","protected":false},"excerpt":{"rendered":"<div class=\"product-summary\">\n<p><strong>FR3 Friction Reducer<\/strong> l\u00e0 ph\u1ee5 gia nh\u1edbt gi\u00fap<br \/>\n<strong>gi\u1ea3m ma s\u00e1t, ch\u1ed1ng m\u00e0i m\u00f2n v\u00e0 t\u0103ng hi\u1ec7u su\u1ea5t \u0111\u1ed9ng c\u01a1<\/strong>.<br \/>\nGi\u1ea3i ph\u00e1p \u0111\u01a1n gi\u1ea3n \u0111\u1ec3 \u0111\u1ed9ng c\u01a1 <strong>ch\u1ea1y \u00eam h\u01a1n, b\u1ec1n h\u01a1n v\u00e0 ti\u1ebft ki\u1ec7m nhi\u00ean li\u1ec7u<\/strong>.<\/p>\n<\/div>\n","protected":false},"featured_media":107,"comment_status":"open","ping_status":"closed","template":"","meta":[],"product_brand":[29],"product_cat":[18],"product_tag":[30],"class_list":{"0":"post-106","1":"product","2":"type-product","3":"status-publish","6":"product_brand-hot-shots-secret","7":"product_cat-phu-gia-nhot","8":"product_tag-phu-gia-nhot","10":"first","11":"instock","12":"shipping-taxable","13":"purchasable","14":"product-type-simple"},"_links":{"self":[{"href":"https:\/\/phugiaxe.com\/index.php\/wp-json\/wp\/v2\/product\/106","targetHints":{"allow":["GET"]}}],"collection":[{"href":"https:\/\/phugiaxe.com\/index.php\/wp-json\/wp\/v2\/product"}],"about":[{"href":"https:\/\/phugiaxe.com\/index.php\/wp-json\/wp\/v2\/types\/product"}],"replies":[{"embeddable":true,"href":"https:\/\/phugiaxe.com\/index.php\/wp-json\/wp\/v2\/comments?post=106"}],"wp:featuredmedia":[{"embeddable":true,"href":"https:\/\/phugiaxe.com\/index.php\/wp-json\/wp\/v2\/media\/107"}],"wp:attachment":[{"href":"https:\/\/phugiaxe.com\/index.php\/wp-json\/wp\/v2\/media?parent=106"}],"wp:term":[{"taxonomy":"product_brand","embeddable":true,"href":"https:\/\/phugiaxe.com\/index.php\/wp-json\/wp\/v2\/product_brand?post=106"},{"taxonomy":"product_cat","embeddable":true,"href":"https:\/\/phugiaxe.com\/index.php\/wp-json\/wp\/v2\/product_cat?post=106"},{"taxonomy":"product_tag","embeddable":true,"href":"https:\/\/phugiaxe.com\/index.php\/wp-json\/wp\/v2\/product_tag?post=106"}],"curies":[{"name":"wp","href":"https:\/\/api.w.org\/{rel}","templated":true}]}}